{"id":15347,"date":"2025-08-19T19:34:08","date_gmt":"2025-08-19T19:34:08","guid":{"rendered":"https:\/\/bestseozone.com\/projects\/kviktrafikskole\/?page_id=15347"},"modified":"2025-08-26T09:31:33","modified_gmt":"2025-08-26T09:31:33","slug":"foerstehjaelp","status":"publish","type":"page","link":"https:\/\/bestseozone.com\/projects\/kviktrafikskole\/foerstehjaelp\/","title":{"rendered":"F\u00f8rstehj\u00e6lp"},"content":{"rendered":"\t\t<div data-elementor-type=\"wp-page\" data-elementor-id=\"15347\" class=\"elementor elementor-15347\">\n\t\t\t\t<div data-ekitparallax=\"{&quot;ekit_section_parallax_bg&quot;:&quot;yes&quot;,&quot;ekit_section_parallax_bg_speed&quot;:0.5,&quot;elementor_lazy_load&quot;:&quot;1&quot;}\" class=\"elementor-element elementor-element-9022493 page-hero-section e-flex e-con-boxed e-con e-parent\" data-id=\"9022493\" data-element_type=\"container\" data-settings=\"{&quot;background_background&quot;:&quot;classic&quot;}\">\n\t\t\t\t\t<div class=\"e-con-inner\">\n\t\t<div class=\"elementor-element elementor-element-cbc65e2 e-con-full e-flex e-con e-child\" data-id=\"cbc65e2\" data-element_type=\"container\">\n\t\t\t\t<div class=\"elementor-element elementor-element-67d0387 at-heading-animation at-animation-heading-style-2 elementor-widget elementor-widget-heading\" data-id=\"67d0387\" data-element_type=\"widget\" data-settings=\"{&quot;ekit_we_effect_on&quot;:&quot;none&quot;}\" data-widget_type=\"heading.default\">\n\t\t\t\t\t<h1 class=\"elementor-heading-title elementor-size-default\"><span> F\u00f8rstehj\u00e6lp<\/span><\/h1>\t\t\t\t<\/div>\n\t\t\t\t<div class=\"elementor-element elementor-element-18c9076 elementor-invisible elementor-widget elementor-widget-elementskit-breadcrumb\" data-id=\"18c9076\" data-element_type=\"widget\" data-settings=\"{&quot;_animation&quot;:&quot;fadeInUp&quot;,&quot;ekit_we_effect_on&quot;:&quot;none&quot;}\" data-widget_type=\"elementskit-breadcrumb.default\">\n\t\t\t\t<div class=\"elementor-widget-container\">\n\t\t\t\t\t<div class=\"ekit-wid-con\" ><ol class=\"ekit-breadcrumb\"><li class=\"ekit_breadcrumbs_start\"><a href=\"https:\/\/bestseozone.com\/projects\/kviktrafikskole\">Home<\/a><\/li><\/ol><\/div>\t\t\t\t<\/div>\n\t\t\t\t<\/div>\n\t\t\t\t<\/div>\n\t\t\t\t\t<\/div>\n\t\t\t\t<\/div>\n\t\t<div class=\"elementor-element elementor-element-890eb4b e-flex e-con-boxed e-con e-parent\" data-id=\"890eb4b\" data-element_type=\"container\">\n\t\t\t\t\t<div class=\"e-con-inner\">\n\t\t<div class=\"elementor-element elementor-element-0f95027 e-con-full e-flex e-con e-child\" data-id=\"0f95027\" data-element_type=\"container\">\n\t\t\t\t<div class=\"elementor-element elementor-element-e1108ea my_css_h2 elementor-widget elementor-widget-text-editor\" data-id=\"e1108ea\" data-element_type=\"widget\" data-settings=\"{&quot;ekit_we_effect_on&quot;:&quot;none&quot;}\" data-widget_type=\"text-editor.default\">\n\t\t\t\t\t\t\t\t\t<div class=\"flex_column av-4vz41n-bc31c4f7286b86996dbdb8665b214109 av_one_half avia-builder-el-9 el_before_av_one_half avia-builder-el-first first av-break-at-tablet flex_column_table_cell av-equal-height-column av-align-top av-zero-column-padding \"><div class=\"template-page content av-content-full alpha units\"><div class=\"post-entry post-entry-type-page post-entry-1005\"><div class=\"entry-content-wrapper clearfix\"><div class=\"flex_column_table av-3pkmcd-eca2bc92d746baeb6a550371ca4a67ec sc-av_one_half av-break-at-tablet-flextable av-equal-height-column-flextable\"><div class=\"flex_column av-30scoq-fb723fa055afcc31cde2bb9660be3f06 av_one_half avia-builder-el-9 el_before_av_one_half avia-builder-el-first first av-break-at-tablet flex_column_table_cell av-equal-height-column av-align-top av-zero-column-padding \"><div class=\"av-special-heading av-kppgce5l-c227caca58b19dfeed22f50965b13af1 av-special-heading-h2 blockquote modern-quote  avia-builder-el-10  el_before_av_textblock  avia-builder-el-first  margin-top-0\"><h2 class=\"av-special-heading-tag\">F\u00f8rstehj\u00e6lp<\/h2><\/div><section class=\"av_textblock_section av-kppgdawh-e36e96ad996bab42e61b83c9ae81fcc3 \"><div class=\"avia_textblock\"><p>Udover det faktum,at det er lovbestemt, giver din deltagelse p\u00e5 et f\u00f8rstehj\u00e6lpskursus dig mulighed for at kunne hj\u00e6lpe andre, n\u00e5r en ulykke indtr\u00e6der eller pludselig sygdom opst\u00e5r.<\/p><p>Med din f\u00f8rstehj\u00e6lpsuddannelse bliver du i stand til at hj\u00e6lpe andre, som kommer til skade i trafikken, i hjemmet, p\u00e5 arbejdspladsen og i fritiden. Vi anbefaler, at dit f\u00f8rstehj\u00e6lpskursus bliver vedligeholdt minimum hvert 3 \u00e5r.<\/p><p>Du kan altid kontakte os for et godt tilbud p\u00e5 vedligeholdelse af dit f\u00f8rstehj\u00e6lpsbevis.<\/p><\/div><\/section><\/div><\/div><\/div><\/div><\/div><\/div>\t\t\t\t\t\t\t\t<\/div>\n\t\t\t\t<\/div>\n\t\t<div class=\"elementor-element elementor-element-4d8f73e e-con-full e-flex e-con e-child\" data-id=\"4d8f73e\" data-element_type=\"container\">\n\t\t\t\t<div class=\"elementor-element elementor-element-1244fb5 at-image-animation at-animation-image-none at-none elementor-widget elementor-widget-image\" data-id=\"1244fb5\" data-element_type=\"widget\" data-settings=\"{&quot;ekit_we_effect_on&quot;:&quot;none&quot;}\" data-widget_type=\"image.default\">\n\t\t\t\t\t\t\t\t\t\t\t\t\t\t\t<img fetchpriority=\"high\" decoding=\"async\" width=\"800\" height=\"488\" src=\"https:\/\/bestseozone.com\/projects\/kviktrafikskole\/wp-content\/uploads\/2025\/08\/a176dfa5-866f-40a9-87da-517c16024288.jpg\" class=\"attachment-large size-large wp-image-14843\" alt=\"\" srcset=\"https:\/\/bestseozone.com\/projects\/kviktrafikskole\/wp-content\/uploads\/2025\/08\/a176dfa5-866f-40a9-87da-517c16024288.jpg 1024w, https:\/\/bestseozone.com\/projects\/kviktrafikskole\/wp-content\/uploads\/2025\/08\/a176dfa5-866f-40a9-87da-517c16024288-300x183.jpg 300w, https:\/\/bestseozone.com\/projects\/kviktrafikskole\/wp-content\/uploads\/2025\/08\/a176dfa5-866f-40a9-87da-517c16024288-768x468.jpg 768w\" sizes=\"(max-width: 800px) 100vw, 800px\" \/>\t\t\t\t\t\t\t\t\t\t\t\t\t\t\t<\/div>\n\t\t\t\t<\/div>\n\t\t\t\t\t<\/div>\n\t\t\t\t<\/div>\n\t\t<div class=\"elementor-element elementor-element-b8342dc e-flex e-con-boxed e-con e-parent\" data-id=\"b8342dc\" data-element_type=\"container\">\n\t\t\t\t\t<div class=\"e-con-inner\">\n\t\t\t\t<div class=\"elementor-element elementor-element-a633e4a my_css_h2 elementor-widget elementor-widget-text-editor\" data-id=\"a633e4a\" data-element_type=\"widget\" data-settings=\"{&quot;ekit_we_effect_on&quot;:&quot;none&quot;}\" data-widget_type=\"text-editor.default\">\n\t\t\t\t\t\t\t\t\t8 timers f\u00e6rdselsrelateret f\u00f8rstehj\u00e6lp er obligatorisk for alle der ans\u00f8ger om k\u00f8rekort f\u00f8rste gang.\n\nF\u00f8rstehj\u00e6lps kursus er et kompetencegivende f\u00f8rstehj\u00e6lpskursus som bliver afholdt af en godkendt instrukt\u00f8r af Dansk F\u00f8rsthj\u00e6lpsr\u00e5d.\n\nKurset indeholder f\u00f8lgende:\n<ul>\n \t<li>4 timers f\u00e6rdselsrealeret f\u00f8rstehj\u00e6lp.<\/li>\n<\/ul>\nKursus afholdes p\u00e5 k\u00f8reskolen:\nBlegdamsvej 42 2200 kbh N.\t\t\t\t\t\t\t\t<\/div>\n\t\t\t\t\t<\/div>\n\t\t\t\t<\/div>\n\t\t<div class=\"elementor-element elementor-element-b457aaa e-flex e-con-boxed e-con e-parent\" data-id=\"b457aaa\" data-element_type=\"container\">\n\t\t\t\t\t<div class=\"e-con-inner\">\n\t\t<div class=\"elementor-element elementor-element-2042f4e e-con-full e-flex e-con e-child\" data-id=\"2042f4e\" data-element_type=\"container\">\n\t\t\t\t<div class=\"elementor-element elementor-element-d49c072 my_css_h2 elementor-widget elementor-widget-text-editor\" data-id=\"d49c072\" data-element_type=\"widget\" data-settings=\"{&quot;ekit_we_effect_on&quot;:&quot;none&quot;}\" data-widget_type=\"text-editor.default\">\n\t\t\t\t\t\t\t\t\t<div class=\"flex_column av-4vz41n-bc31c4f7286b86996dbdb8665b214109 av_one_half avia-builder-el-9 el_before_av_one_half avia-builder-el-first first av-break-at-tablet flex_column_table_cell av-equal-height-column av-align-top av-zero-column-padding \"><div class=\"template-page content av-content-full alpha units\"><div class=\"post-entry post-entry-type-page post-entry-1005\"><div class=\"entry-content-wrapper clearfix\"><div class=\"flex_column_table av-3pkmcd-eca2bc92d746baeb6a550371ca4a67ec sc-av_one_half av-break-at-tablet-flextable av-equal-height-column-flextable\"><div class=\"flex_column av-30scoq-fb723fa055afcc31cde2bb9660be3f06 av_one_half avia-builder-el-9 el_before_av_one_half avia-builder-el-first first av-break-at-tablet flex_column_table_cell av-equal-height-column av-align-top av-zero-column-padding \"><section class=\"av_textblock_section av-kppgdawh-e36e96ad996bab42e61b83c9ae81fcc3 \"><div class=\"avia_textblock\"><div class=\"flex_column av-j11le2-d89c3e14c1e93cadca2af85c36c1f69c av_one_half avia-builder-el-23 el_after_av_one_half avia-builder-el-last flex_column_table_cell av-equal-height-column av-align-top av-zero-column-padding \"><div class=\"av-special-heading av-kppgdmna-08576bbb40b3395fbbbacd9501cf0053 av-special-heading-h2 blockquote modern-quote avia-builder-el-24 el_before_av_hr avia-builder-el-first margin-top-0\"><h2 class=\"av-special-heading-tag\">Det vigtigste for en f\u00f8rstehj\u00e6lper er at arbejde sig trinvis frem efter f\u00f8rstehj\u00e6lpens 4 hovedpunkter:<\/h2><\/div><div class=\"hr av-l09w7e-8f162f2617ce1b29932c773de6c8b9b0 hr-invisible avia-builder-el-25 el_after_av_heading el_before_av_heading \">\u00a0<\/div><div class=\"av-special-heading av-hpxs0a-afd9b77a670c8f8458f779eeb6df604e av-special-heading-h3 blockquote modern-quote avia-builder-el-26 el_after_av_hr el_before_av_textblock margin-top-0\"><h3 class=\"av-special-heading-tag\">Stands ulykken<\/h3><\/div><section class=\"av_textblock_section av-gdey7e-22a731d357a1f8e9a304d72e4350f473 \"><div class=\"avia_textblock\"><p>Hvordan undg\u00e5r man at ulykken ikke f\u00e5r st\u00f8rre omfang og f\u00f8rstehj\u00e6lperen og eventuel andre ikke kommer yderligere til skade?<\/p><\/div><\/section><div class=\"av-special-heading av-kppgdt44-17d23a639d370d040fb5e8b07bd30c1c av-special-heading-h3 blockquote modern-quote avia-builder-el-28 el_after_av_textblock el_before_av_textblock margin-top-0\"><h3 class=\"av-special-heading-tag\">Livreddende f\u00f8rstehj\u00e6lp<\/h3><\/div><section class=\"av_textblock_section av-ebceu2-62c8c262b4195b793d18c8c517db6c65 \"><div class=\"avia_textblock\"><p>F\u00f8rstehj\u00e6lperen skal unders\u00f8ge de tilskadekomnes bevidsthed og sikre de livsvigtige funktioner: hjerne, kredsl\u00f8b og andedr\u00e6t (vejrtr\u00e6kning) indtil professionel hj\u00e6lp n\u00e5r til ulykkestedet.<\/p><\/div><\/section><div class=\"av-special-heading av-kppgedkn-3623866bac9e9820909a3d49e210d034 av-special-heading-h3 blockquote modern-quote avia-builder-el-30 el_after_av_textblock el_before_av_textblock margin-top-0\"><h3 class=\"av-special-heading-tag\">Korrekt alarmering<\/h3><\/div><section class=\"av_textblock_section av-d7zg16-035ca28e1f1aea33642861870a8633da \"><div class=\"avia_textblock\"><p>Vigtigt for at den korrekte hj\u00e6lp kan n\u00e5 frem, s\u00e5 hurtigt som muligt, f\u00f8lgende informationer skal n\u00e5 til 1-1-2: Hvor, Hvad, Hvor mange og Hvorfra.<\/p><\/div><\/section><div class=\"av-special-heading av-kppget8e-67af6e06eca81e88db77ec89b04a2b8e av-special-heading-h3 blockquote modern-quote avia-builder-el-32 el_after_av_textblock el_before_av_textblock margin-top-0\"><h3 class=\"av-special-heading-tag\">Almindelig f\u00f8rstehj\u00e6lp<\/h3><\/div><section class=\"av_textblock_section av-kppgdxkw-b9c44d79530f01efc0ec70fb204cccc1 \"><div class=\"avia_textblock\"><p>Psykisk f\u00f8rstehj\u00e6lp, forebyggelse af chok, samt f\u00f8re beroligende samtaler med den\/de tilskadekomne. Ved afslutning af kurset udstedes et kursusbevis, dette skal vedl\u00e6gges ans\u00f8gningen om k\u00f8rekort sammen med l\u00e6geattesten. Det er vigtigt at kurset gennemf\u00f8res hurtigst muligt, da det ellers vil forl\u00e6nge det samlede forl\u00f8b.<\/p><\/div><\/section><\/div><\/div><\/section><\/div><\/div><\/div><\/div><\/div><\/div>\t\t\t\t\t\t\t\t<\/div>\n\t\t\t\t<\/div>\n\t\t<div class=\"elementor-element elementor-element-236d55b e-con-full e-flex e-con e-child\" data-id=\"236d55b\" data-element_type=\"container\">\n\t\t\t\t<div class=\"elementor-element elementor-element-8a27ac6 at-image-animation at-animation-image-none at-none elementor-widget elementor-widget-image\" data-id=\"8a27ac6\" data-element_type=\"widget\" data-settings=\"{&quot;ekit_we_effect_on&quot;:&quot;none&quot;}\" data-widget_type=\"image.default\">\n\t\t\t\t\t\t\t\t\t\t\t\t\t\t\t<img decoding=\"async\" width=\"750\" height=\"1000\" src=\"https:\/\/bestseozone.com\/projects\/kviktrafikskole\/wp-content\/uploads\/2025\/08\/Kvik.png\" class=\"attachment-large size-large wp-image-14842\" alt=\"\" srcset=\"https:\/\/bestseozone.com\/projects\/kviktrafikskole\/wp-content\/uploads\/2025\/08\/Kvik.png 750w, https:\/\/bestseozone.com\/projects\/kviktrafikskole\/wp-content\/uploads\/2025\/08\/Kvik-225x300.png 225w\" sizes=\"(max-width: 750px) 100vw, 750px\" \/>\t\t\t\t\t\t\t\t\t\t\t\t\t\t\t<\/div>\n\t\t\t\t<\/div>\n\t\t\t\t\t<\/div>\n\t\t\t\t<\/div>\n\t\t\t\t<\/div>\n\t\t","protected":false},"excerpt":{"rendered":"<p>F\u00f8rstehj\u00e6lp Home F\u00f8rstehj\u00e6lp Udover det faktum,at det er lovbestemt, [&hellip;]<\/p>\n","protected":false},"author":1,"featured_media":0,"parent":0,"menu_order":0,"comment_status":"closed","ping_status":"closed","template":"elementor_header_footer","meta":{"give_campaign_id":0,"footnotes":""},"class_list":["post-15347","page","type-page","status-publish","hentry"],"campaignId":"","_links":{"self":[{"href":"https:\/\/bestseozone.com\/projects\/kviktrafikskole\/wp-json\/wp\/v2\/pages\/15347","targetHints":{"allow":["GET"]}}],"collection":[{"href":"https:\/\/bestseozone.com\/projects\/kviktrafikskole\/wp-json\/wp\/v2\/pages"}],"about":[{"href":"https:\/\/bestseozone.com\/projects\/kviktrafikskole\/wp-json\/wp\/v2\/types\/page"}],"author":[{"embeddable":true,"href":"https:\/\/bestseozone.com\/projects\/kviktrafikskole\/wp-json\/wp\/v2\/users\/1"}],"replies":[{"embeddable":true,"href":"https:\/\/bestseozone.com\/projects\/kviktrafikskole\/wp-json\/wp\/v2\/comments?post=15347"}],"version-history":[{"count":22,"href":"https:\/\/bestseozone.com\/projects\/kviktrafikskole\/wp-json\/wp\/v2\/pages\/15347\/revisions"}],"predecessor-version":[{"id":15537,"href":"https:\/\/bestseozone.com\/projects\/kviktrafikskole\/wp-json\/wp\/v2\/pages\/15347\/revisions\/15537"}],"wp:attachment":[{"href":"https:\/\/bestseozone.com\/projects\/kviktrafikskole\/wp-json\/wp\/v2\/media?parent=15347"}],"curies":[{"name":"wp","href":"https:\/\/api.w.org\/{rel}","templated":true}]}}