{"id":15256,"date":"2025-08-19T18:38:52","date_gmt":"2025-08-19T18:38:52","guid":{"rendered":"https:\/\/bestseozone.com\/projects\/kviktrafikskole\/?page_id=15256"},"modified":"2025-08-19T21:10:30","modified_gmt":"2025-08-19T21:10:30","slug":"betaling","status":"publish","type":"page","link":"https:\/\/bestseozone.com\/projects\/kviktrafikskole\/betaling\/","title":{"rendered":"Betaling"},"content":{"rendered":"\t\t<div data-elementor-type=\"wp-page\" data-elementor-id=\"15256\" class=\"elementor elementor-15256\">\n\t\t\t\t<div data-ekitparallax=\"{&quot;ekit_section_parallax_bg&quot;:&quot;yes&quot;,&quot;ekit_section_parallax_bg_speed&quot;:0.5,&quot;elementor_lazy_load&quot;:&quot;1&quot;}\" class=\"elementor-element elementor-element-9022493 page-hero-section e-flex e-con-boxed e-con e-parent\" data-id=\"9022493\" data-element_type=\"container\" data-settings=\"{&quot;background_background&quot;:&quot;classic&quot;}\">\n\t\t\t\t\t<div class=\"e-con-inner\">\n\t\t<div class=\"elementor-element elementor-element-cbc65e2 e-con-full e-flex e-con e-child\" data-id=\"cbc65e2\" data-element_type=\"container\">\n\t\t\t\t<div class=\"elementor-element elementor-element-67d0387 at-heading-animation at-animation-heading-style-2 elementor-widget elementor-widget-heading\" data-id=\"67d0387\" data-element_type=\"widget\" data-settings=\"{&quot;ekit_we_effect_on&quot;:&quot;none&quot;}\" data-widget_type=\"heading.default\">\n\t\t\t\t\t<h1 class=\"elementor-heading-title elementor-size-default\"><span> Betaling<\/span><\/h1>\t\t\t\t<\/div>\n\t\t\t\t<div class=\"elementor-element elementor-element-18c9076 elementor-invisible elementor-widget elementor-widget-elementskit-breadcrumb\" data-id=\"18c9076\" data-element_type=\"widget\" data-settings=\"{&quot;_animation&quot;:&quot;fadeInUp&quot;,&quot;ekit_we_effect_on&quot;:&quot;none&quot;}\" data-widget_type=\"elementskit-breadcrumb.default\">\n\t\t\t\t<div class=\"elementor-widget-container\">\n\t\t\t\t\t<div class=\"ekit-wid-con\" ><ol class=\"ekit-breadcrumb\"><li class=\"ekit_breadcrumbs_start\"><a href=\"https:\/\/bestseozone.com\/projects\/kviktrafikskole\">Home<\/a><\/li><\/ol><\/div>\t\t\t\t<\/div>\n\t\t\t\t<\/div>\n\t\t\t\t<\/div>\n\t\t\t\t\t<\/div>\n\t\t\t\t<\/div>\n\t\t<div class=\"elementor-element elementor-element-890eb4b e-flex e-con-boxed e-con e-parent\" data-id=\"890eb4b\" data-element_type=\"container\">\n\t\t\t\t\t<div class=\"e-con-inner\">\n\t\t<div class=\"elementor-element elementor-element-0f95027 e-con-full e-flex e-con e-child\" data-id=\"0f95027\" data-element_type=\"container\">\n\t\t\t\t<div class=\"elementor-element elementor-element-e1108ea my_css_h2  elementor-widget elementor-widget-text-editor\" data-id=\"e1108ea\" data-element_type=\"widget\" data-settings=\"{&quot;ekit_we_effect_on&quot;:&quot;none&quot;}\" data-widget_type=\"text-editor.default\">\n\t\t\t\t\t\t\t\t\t<div class=\"av-special-heading av-kpnqmuew-3f6c5a5ad3128c929c9dd18bb59ae58c av-special-heading-h2 blockquote modern-quote avia-builder-el-10 el_before_av_textblock avia-builder-el-first margin-top-0\"><h2 class=\"av-special-heading-tag\">Betaling \/ Afdrag betal 399 kr. pr. m\u00e5ned<\/h2><\/div><section class=\"av_textblock_section av-kpnqn46k-62cd94c604eb1605021a54cc326d6924 \"><div class=\"avia_textblock\"><p>Det er muligt at betale kontant eller med Dankort p\u00e5 k\u00f8reskole, du kan ogs\u00e5 overf\u00f8re via Netbank p\u00e5 k\u00f8reskolens konto. Kviktrafikskole kan i samarbejde med SPARXPRES tilbyde en enkel og attraktiv finansiering af din betaling. Det er op til dig om du vil ans\u00f8ge om finansiering af hele betalingen eller en mindre del af den.<\/p><\/div><\/section><div class=\"av-special-heading av-kpnqn9l5-b8646c219634ed1c7d2f1b99941ab2e4 av-special-heading-h2 blockquote modern-quote avia-builder-el-12 el_after_av_textblock el_before_av_textblock \"><h2 class=\"av-special-heading-tag\">S\u00e5 nemt og hurtigt s\u00f8ger du et Xpresl\u00e5n:<\/h2><\/div><section class=\"av_textblock_section av-kpnqneea-7862afcfe724df27d310cd6c10baf241 \"><div class=\"avia_textblock\"><p>Du udfylder blot ans\u00f8gningsformularen og trykker send.<\/p><ol><li>SPARXPRES behandler din ans\u00f8gning og returnerer svaret p\u00e5 din ans\u00f8gning enten pr. post eller e-mail.<\/li><li>G\u00e6ldsbrevet sendes til dig, dette underskrives og returneres til SPARXPRES.<\/li><li>N\u00e5r SPARXPRES har modtaget det underskrevne g\u00e6ldsbrev, afregnes l\u00e5nebel\u00f8bet direkte til Kviktrafikskole.<\/li><\/ol><p>V\u00e6lger du at finansiere dit k\u00f8b med et Xpresl\u00e5n, betyder det:<\/p><ul><li>Du betaler en fast m\u00e5nedlig ydelse<\/li><li>En m\u00e5nedlig rente p\u00e5 1,75%.<\/li><li>Et oprettelsesgebyr p\u00e5 5% af l\u00e5nebel\u00f8bet, min. 400 kr.<\/li><li>M\u00e5nedsgebyr 25 kr.<\/li><li>Det er hurtigt, nemt og overskueligt<\/li><li>Et XpresL\u00e5n kan altid indfries uden ekstraomkostninger<\/li><\/ul><\/div><\/section>\t\t\t\t\t\t\t\t<\/div>\n\t\t\t\t<div class=\"elementor-element elementor-element-e4dcd71 elementor-align-center elementor-widget__width-initial elementor-widget elementor-widget-button\" data-id=\"e4dcd71\" data-element_type=\"widget\" data-settings=\"{&quot;ekit_we_effect_on&quot;:&quot;none&quot;}\" data-widget_type=\"button.default\">\n\t\t\t\t\t\t\t\t\t\t<a class=\"elementor-button elementor-button-link elementor-size-sm\" href=\"https:\/\/sparxpres.dk\/\">\n\t\t\t\t\t\t<span class=\"elementor-button-content-wrapper\">\n\t\t\t\t\t\t<span class=\"elementor-button-icon\">\n\t\t\t\t<i aria-hidden=\"true\" class=\"fas fa-arrow-alt-circle-right\"><\/i>\t\t\t<\/span>\n\t\t\t\t\t\t\t\t\t<span class=\"elementor-button-text\">Ans\u00f8g om l\u00e5n<\/span>\n\t\t\t\t\t<\/span>\n\t\t\t\t\t<\/a>\n\t\t\t\t\t\t\t\t<\/div>\n\t\t\t\t<\/div>\n\t\t<div class=\"elementor-element elementor-element-4d8f73e e-con-full e-flex e-con e-child\" data-id=\"4d8f73e\" data-element_type=\"container\">\n\t\t\t\t<div class=\"elementor-element elementor-element-1244fb5 at-image-animation at-animation-image-none at-none elementor-widget elementor-widget-image\" data-id=\"1244fb5\" data-element_type=\"widget\" data-settings=\"{&quot;ekit_we_effect_on&quot;:&quot;none&quot;}\" data-widget_type=\"image.default\">\n\t\t\t\t\t\t\t\t\t\t\t\t\t\t\t<img fetchpriority=\"high\" decoding=\"async\" width=\"800\" height=\"800\" src=\"https:\/\/bestseozone.com\/projects\/kviktrafikskole\/wp-content\/uploads\/2025\/08\/WhatsApp_Billede-2023-10-19-kl.-08.03.53_18260473-1024x1024.jpg\" class=\"attachment-large size-large wp-image-15258\" alt=\"\" srcset=\"https:\/\/bestseozone.com\/projects\/kviktrafikskole\/wp-content\/uploads\/2025\/08\/WhatsApp_Billede-2023-10-19-kl.-08.03.53_18260473-1024x1024.jpg 1024w, https:\/\/bestseozone.com\/projects\/kviktrafikskole\/wp-content\/uploads\/2025\/08\/WhatsApp_Billede-2023-10-19-kl.-08.03.53_18260473-300x300.jpg 300w, https:\/\/bestseozone.com\/projects\/kviktrafikskole\/wp-content\/uploads\/2025\/08\/WhatsApp_Billede-2023-10-19-kl.-08.03.53_18260473-150x150.jpg 150w, https:\/\/bestseozone.com\/projects\/kviktrafikskole\/wp-content\/uploads\/2025\/08\/WhatsApp_Billede-2023-10-19-kl.-08.03.53_18260473-768x768.jpg 768w, https:\/\/bestseozone.com\/projects\/kviktrafikskole\/wp-content\/uploads\/2025\/08\/WhatsApp_Billede-2023-10-19-kl.-08.03.53_18260473.jpg 1200w\" sizes=\"(max-width: 800px) 100vw, 800px\" \/>\t\t\t\t\t\t\t\t\t\t\t\t\t\t\t<\/div>\n\t\t\t\t<\/div>\n\t\t\t\t\t<\/div>\n\t\t\t\t<\/div>\n\t\t\t\t<\/div>\n\t\t","protected":false},"excerpt":{"rendered":"<p>Betaling Home Betaling \/ Afdrag betal 399 kr. pr. [&hellip;]<\/p>\n","protected":false},"author":1,"featured_media":0,"parent":0,"menu_order":0,"comment_status":"closed","ping_status":"closed","template":"elementor_header_footer","meta":{"give_campaign_id":0,"footnotes":""},"class_list":["post-15256","page","type-page","status-publish","hentry"],"campaignId":"","_links":{"self":[{"href":"https:\/\/bestseozone.com\/projects\/kviktrafikskole\/wp-json\/wp\/v2\/pages\/15256","targetHints":{"allow":["GET"]}}],"collection":[{"href":"https:\/\/bestseozone.com\/projects\/kviktrafikskole\/wp-json\/wp\/v2\/pages"}],"about":[{"href":"https:\/\/bestseozone.com\/projects\/kviktrafikskole\/wp-json\/wp\/v2\/types\/page"}],"author":[{"embeddable":true,"href":"https:\/\/bestseozone.com\/projects\/kviktrafikskole\/wp-json\/wp\/v2\/users\/1"}],"replies":[{"embeddable":true,"href":"https:\/\/bestseozone.com\/projects\/kviktrafikskole\/wp-json\/wp\/v2\/comments?post=15256"}],"version-history":[{"count":13,"href":"https:\/\/bestseozone.com\/projects\/kviktrafikskole\/wp-json\/wp\/v2\/pages\/15256\/revisions"}],"predecessor-version":[{"id":15493,"href":"https:\/\/bestseozone.com\/projects\/kviktrafikskole\/wp-json\/wp\/v2\/pages\/15256\/revisions\/15493"}],"wp:attachment":[{"href":"https:\/\/bestseozone.com\/projects\/kviktrafikskole\/wp-json\/wp\/v2\/media?parent=15256"}],"curies":[{"name":"wp","href":"https:\/\/api.w.org\/{rel}","templated":true}]}}