{"id":15128,"date":"2025-08-18T18:49:28","date_gmt":"2025-08-18T18:49:28","guid":{"rendered":"https:\/\/bestseozone.com\/projects\/kviktrafikskole\/?page_id=15128"},"modified":"2025-08-26T09:26:39","modified_gmt":"2025-08-26T09:26:39","slug":"koerelaerer","status":"publish","type":"page","link":"https:\/\/bestseozone.com\/projects\/kviktrafikskole\/koerelaerer\/","title":{"rendered":"K\u00f8rel\u00e6rer"},"content":{"rendered":"\t\t<div data-elementor-type=\"wp-page\" data-elementor-id=\"15128\" class=\"elementor elementor-15128\">\n\t\t\t\t<div data-ekitparallax=\"{&quot;ekit_section_parallax_bg&quot;:&quot;yes&quot;,&quot;ekit_section_parallax_bg_speed&quot;:0.5,&quot;elementor_lazy_load&quot;:&quot;1&quot;}\" class=\"elementor-element elementor-element-9022493 page-hero-section e-flex e-con-boxed e-con e-parent\" data-id=\"9022493\" data-element_type=\"container\" data-settings=\"{&quot;background_background&quot;:&quot;classic&quot;}\">\n\t\t\t\t\t<div class=\"e-con-inner\">\n\t\t<div class=\"elementor-element elementor-element-cbc65e2 e-con-full e-flex e-con e-child\" data-id=\"cbc65e2\" data-element_type=\"container\">\n\t\t\t\t<div class=\"elementor-element elementor-element-67d0387 at-heading-animation at-animation-heading-style-2 elementor-widget elementor-widget-heading\" data-id=\"67d0387\" data-element_type=\"widget\" data-settings=\"{&quot;ekit_we_effect_on&quot;:&quot;none&quot;}\" data-widget_type=\"heading.default\">\n\t\t\t\t\t<h1 class=\"elementor-heading-title elementor-size-default\"><span> K\u00f8rel\u00e6rer<\/span><\/h1>\t\t\t\t<\/div>\n\t\t\t\t<div class=\"elementor-element elementor-element-18c9076 elementor-invisible elementor-widget elementor-widget-elementskit-breadcrumb\" data-id=\"18c9076\" data-element_type=\"widget\" data-settings=\"{&quot;_animation&quot;:&quot;fadeInUp&quot;,&quot;ekit_we_effect_on&quot;:&quot;none&quot;}\" data-widget_type=\"elementskit-breadcrumb.default\">\n\t\t\t\t<div class=\"elementor-widget-container\">\n\t\t\t\t\t<div class=\"ekit-wid-con\" ><ol class=\"ekit-breadcrumb\"><li class=\"ekit_breadcrumbs_start\"><a href=\"https:\/\/bestseozone.com\/projects\/kviktrafikskole\">Home<\/a><\/li><\/ol><\/div>\t\t\t\t<\/div>\n\t\t\t\t<\/div>\n\t\t\t\t<\/div>\n\t\t\t\t\t<\/div>\n\t\t\t\t<\/div>\n\t\t<div class=\"elementor-element elementor-element-8146864 e-flex e-con-boxed e-con e-parent\" data-id=\"8146864\" data-element_type=\"container\">\n\t\t\t\t\t<div class=\"e-con-inner\">\n\t\t<div class=\"elementor-element elementor-element-0881504 e-con-full e-flex e-con e-child\" data-id=\"0881504\" data-element_type=\"container\">\n\t\t\t\t<div class=\"elementor-element elementor-element-79bd07d elementor-widget elementor-widget-text-editor\" data-id=\"79bd07d\" data-element_type=\"widget\" data-settings=\"{&quot;ekit_we_effect_on&quot;:&quot;none&quot;}\" data-widget_type=\"text-editor.default\">\n\t\t\t\t\t\t\t\t\t<div class=\"flex_column av-4o3plu-4e960893b30c96328f62d0ed3f67281c av_one_half avia-builder-el-11 el_before_av_one_half avia-builder-el-first first av-break-at-tablet flex_column_table_cell av-equal-height-column av-align-top av-zero-column-padding \"><div class=\"flex_column av-4o3plu-4e960893b30c96328f62d0ed3f67281c av_one_half avia-builder-el-11 el_before_av_one_half avia-builder-el-first first av-break-at-tablet flex_column_table_cell av-equal-height-column av-align-top av-zero-column-padding \"><div class=\"flex_column av-ftza3-b06970be7d6eb39eabb937af483c00dd av_one_half avia-builder-el-9 el_before_av_one_half avia-builder-el-first first av-break-at-tablet flex_column_table_cell av-equal-height-column av-align-top av-zero-column-padding \"><div class=\"flex_column av-ftza3-b06970be7d6eb39eabb937af483c00dd av_one_half avia-builder-el-9 el_before_av_one_half avia-builder-el-first first av-break-at-tablet flex_column_table_cell av-equal-height-column av-align-top av-zero-column-padding \"><div class=\"flex_column av-2ijht9-ed71357a560b6009fb91e892c38ead7c av_one_half avia-builder-el-11 el_before_av_one_half avia-builder-el-first first av-break-at-tablet flex_column_table_cell av-equal-height-column av-align-top av-zero-column-padding \"><div class=\"flex_column av-1f30nf-0f4381ca0f17f87e1879d83dfd568c58 av_one_half avia-builder-el-11 el_before_av_one_half avia-builder-el-first first av-break-at-tablet flex_column_table_cell av-equal-height-column av-align-top av-zero-column-padding \"><div class=\"av-special-heading av-ch7sl7-8fd49e1f4914cbde97cfc65cadf8c262 av-special-heading-h2 blockquote modern-quote avia-builder-el-12 el_before_av_textblock avia-builder-el-first margin-top-0\"><h3 class=\"av-special-heading-tag\">K\u00f8rel\u00e6rer<\/h3><\/div><section class=\"av_textblock_section av-b6pmiz-f85ff025cc9cb12f16222426fa5718c7 \"><div class=\"avia_textblock\"><p>Vores k\u00f8rel\u00e6rer er her for dig og for at f\u00e5 sikret dig et k\u00f8rekort hurtigst muligt. Hos Kviktrafikskole har vi en af de bedste\/h\u00f8jeste best\u00e5elsesprocenter i hele Stork\u00f8benhavn. Dette er specielt p\u00e5 baggrund af at vores k\u00f8rel\u00e6rer har mange \u00e5rs erfaring inden for k\u00f8reskolebranchen.<\/p><p>Hos Kviktrafikskole har vi valgt at bruge et online teorisystem fra K\u00f8reklar.dk som vores elever har v\u00e6ret glade for at bruge. I sammenspil med din k\u00f8rel\u00e6rer planl\u00e6gges k\u00f8relektioner, s\u00e5 du s\u00e5 vidt muligt ikke skal k\u00f8re i skole- eller arbejdstiden!<\/p><\/div><\/section><div class=\"av-special-heading av-kpnpiree-f715a6b806b0d96fead65d2eee20ce8b av-special-heading-h2 blockquote modern-quote avia-builder-el-14 el_after_av_textblock el_before_av_textblock \">\u00a0<\/div><section class=\"av_textblock_section av-kpnpiwda-94028266cb9932193e844c9ff1bb5d57 \"><div class=\"avia_textblock\"><p>\u00a0<\/p><\/div><\/section><\/div><\/div><\/div><\/div><\/div><\/div>\t\t\t\t\t\t\t\t<\/div>\n\t\t\t\t<\/div>\n\t\t<div class=\"elementor-element elementor-element-64ec374 e-con-full e-flex e-con e-child\" data-id=\"64ec374\" data-element_type=\"container\">\n\t\t\t\t<div class=\"elementor-element elementor-element-2dcbbf5 at-image-animation at-animation-image-none at-none elementor-widget elementor-widget-image\" data-id=\"2dcbbf5\" data-element_type=\"widget\" data-settings=\"{&quot;ekit_we_effect_on&quot;:&quot;none&quot;}\" data-widget_type=\"image.default\">\n\t\t\t\t\t\t\t\t\t\t\t\t\t\t\t<img fetchpriority=\"high\" decoding=\"async\" width=\"2560\" height=\"1707\" src=\"https:\/\/bestseozone.com\/projects\/kviktrafikskole\/wp-content\/uploads\/2025\/08\/ww.jpg\" class=\"attachment-full size-full wp-image-14934\" alt=\"\" srcset=\"https:\/\/bestseozone.com\/projects\/kviktrafikskole\/wp-content\/uploads\/2025\/08\/ww.jpg 2560w, https:\/\/bestseozone.com\/projects\/kviktrafikskole\/wp-content\/uploads\/2025\/08\/ww-300x200.jpg 300w, https:\/\/bestseozone.com\/projects\/kviktrafikskole\/wp-content\/uploads\/2025\/08\/ww-1024x683.jpg 1024w, https:\/\/bestseozone.com\/projects\/kviktrafikskole\/wp-content\/uploads\/2025\/08\/ww-768x512.jpg 768w, https:\/\/bestseozone.com\/projects\/kviktrafikskole\/wp-content\/uploads\/2025\/08\/ww-1536x1024.jpg 1536w, https:\/\/bestseozone.com\/projects\/kviktrafikskole\/wp-content\/uploads\/2025\/08\/ww-2048x1366.jpg 2048w\" sizes=\"(max-width: 2560px) 100vw, 2560px\" \/>\t\t\t\t\t\t\t\t\t\t\t\t\t\t\t<\/div>\n\t\t\t\t<\/div>\n\t\t\t\t\t<\/div>\n\t\t\t\t<\/div>\n\t\t<div class=\"elementor-element elementor-element-dfbed56 e-flex e-con-boxed e-con e-parent\" data-id=\"dfbed56\" data-element_type=\"container\">\n\t\t\t\t\t<div class=\"e-con-inner\">\n\t\t\t\t<div class=\"elementor-element elementor-element-d764aee elementor-widget elementor-widget-text-editor\" data-id=\"d764aee\" data-element_type=\"widget\" data-settings=\"{&quot;ekit_we_effect_on&quot;:&quot;none&quot;}\" data-widget_type=\"text-editor.default\">\n\t\t\t\t\t\t\t\t\t<div class=\"av-special-heading av-kpnpiree-f715a6b806b0d96fead65d2eee20ce8b av-special-heading-h2 blockquote modern-quote avia-builder-el-14 el_after_av_textblock el_before_av_textblock \"><h3 class=\"av-special-heading-tag\">Du f\u00e5r en k\u00f8rel\u00e6rer som f\u00f8lger dig hele vejen<\/h3><\/div><section class=\"av_textblock_section av-kpnpiwda-94028266cb9932193e844c9ff1bb5d57 \"><div class=\"avia_textblock\"><p>Vi str\u00e6ber efter at v\u00e6re blandt de bedste k\u00f8reskoler i hele Danmark og har blandt andet udarbejdet et simpel undervisningsprogram. Vi har ogs\u00e5 tilh\u00f8rende teoripr\u00f8ver p\u00e5 skolen, som vi har f\u00e5et stor ros for af vores elever.<\/p><p>Skolen har beliggenhed i hjertet af K\u00f8benhavn N. Vi har moderne IT-udstyr, biografstole s\u00e5 man sidder behagligt i undervisningen og gode adgangsforhold, t\u00e6t p\u00e5 offentlig transport. Vores k\u00f8rel\u00e6rer er alle omhyggeligt udvalgt, og sammen udg\u00f8r vi et meget st\u00e6rkt team for at kunne yde dig den bedste service og undervisning, til gavn for trafiksikkerheden. Alle k\u00f8rel\u00e6rerne er godkendte af Rigspolitiet i Danmark.<\/p><p>Kontakt os gerne p\u00e5 telefon <a href=\"tel:35355455\">35 35 54 55<\/a> eller e-mail <a href=\"mailto:mail@kviktrafikskole.dk\">mail@kviktrafikskole.dk<\/a> for at h\u00f8re mere om vores k\u00f8rel\u00e6rer.<\/p><\/div><\/section>\t\t\t\t\t\t\t\t<\/div>\n\t\t\t\t\t<\/div>\n\t\t\t\t<\/div>\n\t\t<div class=\"elementor-element elementor-element-28d1a39 e-flex e-con-boxed e-con e-parent\" data-id=\"28d1a39\" data-element_type=\"container\">\n\t\t\t\t\t<div class=\"e-con-inner\">\n\t\t<div class=\"elementor-element elementor-element-11b0f48 e-con-full e-flex e-con e-child\" data-id=\"11b0f48\" data-element_type=\"container\">\n\t\t\t\t<div class=\"elementor-element elementor-element-d44c0e1 elementor-align-right elementor-widget__width-initial elementor-widget elementor-widget-button\" data-id=\"d44c0e1\" data-element_type=\"widget\" data-settings=\"{&quot;ekit_we_effect_on&quot;:&quot;none&quot;}\" data-widget_type=\"button.default\">\n\t\t\t\t\t\t\t\t\t\t<a class=\"elementor-button elementor-button-link elementor-size-sm\" href=\"tel:35%2035%2054%2055\">\n\t\t\t\t\t\t<span class=\"elementor-button-content-wrapper\">\n\t\t\t\t\t\t<span class=\"elementor-button-icon\">\n\t\t\t\t<i aria-hidden=\"true\" class=\"fas fa-phone-alt\"><\/i>\t\t\t<\/span>\n\t\t\t\t\t\t\t\t\t<span class=\"elementor-button-text\">35 35 54 55<\/span>\n\t\t\t\t\t<\/span>\n\t\t\t\t\t<\/a>\n\t\t\t\t\t\t\t\t<\/div>\n\t\t\t\t<\/div>\n\t\t<div class=\"elementor-element elementor-element-80184c2 e-con-full e-flex e-con e-child\" data-id=\"80184c2\" data-element_type=\"container\">\n\t\t\t\t<div class=\"elementor-element elementor-element-9c87b13 elementor-align-center elementor-widget__width-initial elementor-widget elementor-widget-button\" data-id=\"9c87b13\" data-element_type=\"widget\" data-settings=\"{&quot;ekit_we_effect_on&quot;:&quot;none&quot;}\" data-widget_type=\"button.default\">\n\t\t\t\t\t\t\t\t\t\t<a class=\"elementor-button elementor-button-link elementor-size-sm\" href=\"https:\/\/bestseozone.com\/projects\/kviktrafikskole\/tilmelding\/\">\n\t\t\t\t\t\t<span class=\"elementor-button-content-wrapper\">\n\t\t\t\t\t\t<span class=\"elementor-button-icon\">\n\t\t\t\t<i aria-hidden=\"true\" class=\"far fa-calendar-alt\"><\/i>\t\t\t<\/span>\n\t\t\t\t\t\t\t\t\t<span class=\"elementor-button-text\">Tilmelding <\/span>\n\t\t\t\t\t<\/span>\n\t\t\t\t\t<\/a>\n\t\t\t\t\t\t\t\t<\/div>\n\t\t\t\t<\/div>\n\t\t\t\t\t<\/div>\n\t\t\t\t<\/div>\n\t\t\t\t<\/div>\n\t\t","protected":false},"excerpt":{"rendered":"<p>K\u00f8rel\u00e6rer Home K\u00f8rel\u00e6rer Vores k\u00f8rel\u00e6rer er her for dig [&hellip;]<\/p>\n","protected":false},"author":1,"featured_media":0,"parent":0,"menu_order":0,"comment_status":"closed","ping_status":"closed","template":"elementor_header_footer","meta":{"give_campaign_id":0,"footnotes":""},"class_list":["post-15128","page","type-page","status-publish","hentry"],"campaignId":"","_links":{"self":[{"href":"https:\/\/bestseozone.com\/projects\/kviktrafikskole\/wp-json\/wp\/v2\/pages\/15128","targetHints":{"allow":["GET"]}}],"collection":[{"href":"https:\/\/bestseozone.com\/projects\/kviktrafikskole\/wp-json\/wp\/v2\/pages"}],"about":[{"href":"https:\/\/bestseozone.com\/projects\/kviktrafikskole\/wp-json\/wp\/v2\/types\/page"}],"author":[{"embeddable":true,"href":"https:\/\/bestseozone.com\/projects\/kviktrafikskole\/wp-json\/wp\/v2\/users\/1"}],"replies":[{"embeddable":true,"href":"https:\/\/bestseozone.com\/projects\/kviktrafikskole\/wp-json\/wp\/v2\/comments?post=15128"}],"version-history":[{"count":25,"href":"https:\/\/bestseozone.com\/projects\/kviktrafikskole\/wp-json\/wp\/v2\/pages\/15128\/revisions"}],"predecessor-version":[{"id":15706,"href":"https:\/\/bestseozone.com\/projects\/kviktrafikskole\/wp-json\/wp\/v2\/pages\/15128\/revisions\/15706"}],"wp:attachment":[{"href":"https:\/\/bestseozone.com\/projects\/kviktrafikskole\/wp-json\/wp\/v2\/media?parent=15128"}],"curies":[{"name":"wp","href":"https:\/\/api.w.org\/{rel}","templated":true}]}}